f) = -47*f + f**3 + f**2 - 6 + 6*f**2 + 46*f. Is 9 a factor of y(-6)?
True
Suppose -2*o = -4*w + o + 31, -2*o = 2*w - 12. Let a = w - 11. Does 8 divide (4 + -2)/((-1)/a)?
True
Suppose 5*s - 4*s = 48. Suppose 5*z + s = k, -2 = k - 0*k + 5*z. Does 9 divide k?
False
Let i = 1 + -6. Let u = i + 10. Suppose -u*t - 3*h = -30, 3*t + 3*h - 18 = h. Does 3 divide t?
True
Let i be (-4)/(4/3)*-1. Suppose -i*b + 56 = 14. Suppose 4*s = 4*p + 14 + b, -2*s - p = -11. Is 3 a factor of s?
True
Let d(a) = a**2 - 14*a + 18. Does 5 divide d(13)?
True
Let q = 5 + -2. Suppose 2*k - 3*k - 5*n = -3, -5*k - q*n + 103 = 0. Suppose -h = -r - 7, -k = -5*h - r + 2*r. Is 3 a factor of h?
False
Let l(p) = -24*p - 1. Let f be l(-1). Let v = 55 - f. Suppose 56 = 7*u - 2*u + 2*s, 2*u - 4*s - v = 0. Is 6 a factor of u?
True
Let i(s) = 2*s**2 - 9*s + 8. Is 13 a factor of i(6)?
True
Suppose -5*a - 50 = 3*y, y + a = -0*y - 20. Is 14 a factor of 290/y*(-5)/2?
False
Suppose -6 = 3*u + 2*t - 2, -u = 4*t + 8. Suppose 0 = 2*q - 2 - u, -2*k + 2*q + 208 = 0. Is 34 a factor of k?
False
Let k = -153 - -245. Is k a multiple of 11?
False
Let p(z) = -z**2 - 12*z - 11. Let h be p(-11). Suppose h = 4*g + x - 127, 0 - 12 = -4*x. Is g a multiple of 10?
False
Let d(t) = -t**3 + 7*t**2 - 8*t + 2. Let w be d(6). Let a = w + 16. Is a even?
True
Let a(l) = 10*l. Let i be a(2). Suppose h = -4*h + 15. Suppose -44 = -h*t - d, i = -3*d - 2*d. Does 6 divide t?
False
Let l = -103 + 147. Is 44 a factor of l?
True
Does 4 divide (-2 - 1)*312/(-36)?
False
Suppose 3*w - 442 = -82. Suppose 0 = -5*s - 4*n - 0*n + w, 3*s - n = 72. Is s a multiple of 11?
False
Suppose 7 = 5*h + w - 1, -3*w = 6. Suppose 3*r + 36 = h*j, -5*j + 0*r + 4*r = -76. Is 12 a factor of j?
True
Let s(u) = -9*u + 24. Does 8 divide s(-7)?
False
Suppose 8 = 5*h - 3*h. Is 2575/45 + h/(-18) a multiple of 20?
False
Let y be (-2)/(-3)*(-3 + -3). Let b = -2 - y. Suppose -5*w = 4*s - 60, 5*w - 60 = 3*s + b*s. Is 6 a factor of w?
True
Suppose -5*p = -160 + 5. Is p a multiple of 13?
False
Let w be -4*5*(-1)/(-2). Suppose -6*p + 2*p + 108 = 0. Let i = p + w. Does 17 divide i?
True
Let j = 3 - 0. Is (3/12)/(j/372) a multiple of 16?
False
Suppose 0 + 5 = -5*m. Does 16 divide m - (-16 + 2 + -3)?
True
Let u(t) = -3*t - 2*t + 3*t + 4. Let y be (2 - 2 - 4) + 0. Is 12 a factor of u(y)?
True
Let p(s) = -2*s + 2. Let d be p(2). Does 4 divide 165/18 + d/12?
False
Suppose 5*b + 65 = 6*b. Suppose 0*h + h - b = 0. Is h a multiple of 17?
False
Let l(w) = w**3 + w**2 - 4*w + 2. Let a be 18/63 + 24/14. Is l(a) a multiple of 2?
True
Suppose -2 = -5*m + 6*m. Let s be 2254/18 + m/9. Suppose 0 = n + 4*n - s. Does 10 divide n?
False
Suppose 2*a - 2*s - 97 - 41 = 0, -2*a + s = -133. Is 16 a factor of a?
True
Suppose -3*a = -a - 350. Is a a multiple of 10?
False
Suppose 2*w - 3*w = -7. Does 3 divide w?
False
Let z(b) = b**2 + 2*b + 4. Is 33 a factor of z(-22)?
False
Suppose -3*g + 657 = 2*g - 3*b, 3*b = -2*g + 246. Does 9 divide g?
False
Suppose -4*l = 4*j - 47 - 69, 5*j = 15. Suppose 3*b - 1 = l. Is b a multiple of 9?
True
Let z = -141 + 191. Is z a multiple of 25?
True
Let y(i) = -i**3 - 6*i**2 - 4*i + 8. Let p be (30/25)/((-2)/10). Let n be y(p). Let r = -12 + n. Is 9 a factor of r?
False
Let j(q) = -q**2 + 7*q - 6. Let g be j(6). Suppose 4*d = -w - 31 + 6, 3*w + d + 31 = g. Let m = 7 - w. Is 8 a factor of m?
True
Let w be (-18 - (-3 - -1)) + -1. Let b = -8 - w. Is 6 a factor of b?
False
Let f(n) = 2*n**2 + 2*n. Let m(v) = -v**3 + 3*v**2 + 6*v - 5. Let a be m(4). Does 12 divide f(a)?
True
Let p = 33 - -7. Is p a multiple of 13?
False
Let r(b) = -b**3 - 11*b**2 + 5*b. Is 12 a factor of r(-12)?
True
Let o = 22 - 31. Let u be (-5 - o)*46/4. Suppose 5*w - 30 = -4*x, 5*x = -0*w - 2*w + u. Does 10 divide x?
True
Is (-124)/(-7) + (-8)/(-28) a multiple of 7?
False
Suppose -13 = -2*s + 21. Is 12 a factor of s?
False
Suppose -2*f = 4*v + v + 13, -2*f - 12 = 4*v. Is 2 a factor of 9/2 + (-2)/f?
False
Let s(h) = -h**3 + 6*h + h**3 - 6*h**2 + h**3 + 5. Let u(c) = c**2 - 3*c - 5. Let y be u(5). Is 10 a factor of s(y)?
True
Suppose 8*q = 6*q + 34. Is q a multiple of 4?
False
Let k = 206 - 112. Is k a multiple of 12?
False
Suppose 0 = 5*z - 4*l + 4, 4*l - 4 = -2*z + z. Suppose z*g = -4*g + 16. Is 4 a factor of g?
True
Suppose -3*x - 5 + 48 = -2*r, 5*r - 20 = 0. Is x a multiple of 12?
False
Suppose 0 = -14*y - 1394 + 4922. Does 18 divide y?
True
Let j = -2 + -1. Let z = -3 - j. Let r = z - -3. Does 2 divide r?
False
Let m be (-55)/25 - 2/(-10). Let n = 0 - m. Let l = 22 - n. Is 10 a factor of l?
True
Let t = -102 - -172. Is 13 a factor of t?
False
Suppose 3*s - 113 = 22. Is s a multiple of 15?
True
Suppose 2*i = 71 - 51. Let h = 4 + -2. Is i*h/(-4)*-5 a multiple of 15?
False
Let y = -118 - -215. Does 19 divide y?
False
Let a(n) = -n**2 - 12*n - 11. Let k be a(-11). Suppose 3*w = 3*g + 78, 2*w - 40 = 5*g - k*g. Is 16 a factor of w?
False
Let z(f) = 22*f + 1. Does 9 divide z(2)?
True
Suppose 0 = -t - 3*t - 12. Let u(v) = v**2 - 2*v - 4. Does 11 divide u(t)?
True
Let o(q) = -4*q - 3*q + 5*q - 3. Is 15 a factor of o(-9)?
True
Let v(u) = 4*u**3 - 2*u**2 - 2*u + 2. Suppose 6*w - 2*w = 12. Suppose -2*k - w*b = 2, 3*k + 0*b + 4*b + 2 = 0. Is v(k) a multiple of 11?
True
Let l = 8 + -5. Suppose 5*v - 158 = l*h, 0*h - 2*h = 4*v - 122. Does 10 divide v?
False
Let k be ((-1)/2)/(2/(-8)). Suppose 0 = k*c - c - 5. Does 3 divide c?
False
Let s be (-3)/(12/(-8)) + -5. Does 4 divide 0/s + -4 + 15?
False
Let l(t) = 2*t**2 - 3*t + 1. Let b be l(2). Does 16 divide (-32)/b*(-3)/2?
True
Let s be 2*(-4)/8*35. Let a = 10 - s. Is 11 a factor of a?
False
Let t be -2 + (-4)/(-1) + 0. Let z(k) = 7 + 4*k - 1 - t. Is 12 a factor of z(5)?
True
Let y = -16 + 88. Is y a multiple of 23?
False
Is 8 a factor of ((-1)/3)/((-4)/516)?
False
Let i(b) = 3*b**2 + b - 6*b**2 + 21*b**2 + 15*b**2. Is i(-1) a multiple of 13?
False
Let m = -10 + 19. Suppose -y + 1 = m. Is 14 a factor of y/(-36) - (-248)/18?
True
Suppose 0 = -3*u + 2*c + 189, 156 = 4*u - c - 96. Does 21 divide u?
True
Let b = 10 - 7. Suppose 265 = -b*l + 8*l. Does 24 divide l?
False
Suppose 4*r - 304 = -3*a - a, -371 = -5*r + 4*a. Is r a multiple of 13?
False
Let p = -10 + -6. Let n(d) = d**3 + 17*d**2 + 15*d + 16. Does 16 divide n(p)?
True
Suppose 308 = 4*u - 2*c, -c = -5*u + c + 385. Is 11 a factor of u?
True
Let k(w) = 19*w - 2. Let l be k(-4). Let m = -51 - l. Let x = m + -3. Does 12 divide x?
True
Let b(h) = -h**2 + 10*h - 12. Let c be b(8). Is 5 a factor of 11*-1*(-4)/c?
False
Let r(f) = f - 5. Let o be r(3). Let z be 3 + 2/o + 0. Is 16 a factor of (2/2)/(z/54)?
False
Suppose -2*w - 70 + 202 = 0. Is 11 a factor of w?
True
Suppose -5*k + 104 + 56 = 0. Is 8 a factor of ((-1)/(-2))/(1/k)?
True
Let x(i) = -i**3 - 7*i**2 - 7*i + 3. Does 5 divide x(-7)?
False
Is (-2172)/(-15) - (18/10 + -1) a multiple of 13?
False
Let n(d) = 2*d - 13. Let c be n(10). Is 12 a factor of (c/(-4))/((-2)/16)?
False
Suppose -2*c = 5*y - 5665, -y + 8187 + 6010 = 5*c. Does 26 divide c/110 + (-2)/(-11)?
True
Suppose 3*f + f = -5*s - 44, f = 4*s - 11. Let a = f - -13. Is a even?
True
Suppose 5*v + 4*s - 50 + 14 = 0, 0 = 2*s - 8. Suppose 3*g = v*g - 18. Is g a multiple of 18?
True
Let p = -3 - -3. Suppose -2*l + 16 = -l + 3*n, 5*n + 10 = p. Does 11 divide l?
True
Suppose 0 = 3*h - 9, 4*n + 13 = -2*h + 531. Is 8 a factor of n?
True
Suppose -2*m = -4*k - 2, 2*m - k + 3 = 14. Does 6 divide m?
False
Let r(k) = k - 4. Let a be r(6). Let z(s) = 4*s**2 + s - 2 + s**2 + 0*s**a. Is z(-2) a multiple of 6?
False
Let p(r) = 2*r**3 - 3*r**2 + 3*r - 3. Suppose 0 = 4*c + 20, 0*c + 31 = 2*m - 5*c. Is p(m) a multiple of 11?
True
Suppose 3 = 3*v + 6. Let w = v + 3. Is 11 a factor of 152/10*5/w?
False
Suppose -6*f - 72 = -10*f. Suppose -l + 3 + f = 0. Is 5 a factor of l?
False
Suppose -f + 4*f - 3 = 0. Let a = f + 18. Does 10 divide a?
False
Suppose -11*w = -35*w + 1200. Is w a multiple of 2?
True
Let l(i) = -i**3 + 10*i**2 - 18*i + 11. Is l(7) a multiple of 18?
False
Let b(l) = l**2 + 21 + 13 - 5. Let m be b(0). Let k = m - 11. Is 9 a factor of k?
True
Suppose 5*j + 36 = j. Let h = 8 + 8. Let n = j + h. Does 7 divide n?
True
Let c(f) = -53*f + 1. Let r be c(3). Let v = -10 - 2. Is (-8)/v - r/6 a multiple of 16?
Fal